h + 10. Let y(v) = 11*v**h + 4 - 9*v + 3*v - 10*v**2. Let g(x) = -x**2 - 6*x - 4. Let t be g(-3). Determine y(t).
-1
Let a(u) = 13 + 43*u - 87*u - 4 + 42*u. Determine a(4).
1
Let i(y) = 2*y**2 - 5. Suppose 50*a - 54*a = 0. Give i(a).
-5
Let v(f) = -5*f + 1. Let y(d) = 17*d - 4. Let h(m) = 2*v(m) + y(m). Calculate h(-4).
-30
Let c(n) = -n**3 + 4*n**2 - 3*n + 3. Let r = 278 - 275. Determine c(r).
3
Let w(z) be the second derivative of 0 - 1/2*z**2 + 16*z - 1/6*z**3. Determine w(6).
-7
Suppose 0*r - 3*r = -4*k - 17, -5*k - 29 = 4*r. Let d(t) = t - 1. Let y(f) = 12*f - 4. Let n(b) = 5*d(b) - y(b). Determine n(r).
6
Let k(p) = 122*p - 1 + 2 - 245*p + 122*p - 2*p**2. Give k(-2).
-5
Let x(i) = -15*i + 0*i**2 - 7 - i**2 + 33*i - 15*i. Let s be (-4)/(-6) + 39/9. Calculate x(s).
-17
Let y(s) be the third derivative of -s**6/720 + 7*s**5/120 + 47*s**4/24 - 43*s**2. Let v(i) be the second derivative of y(i). Determine v(5).
2
Let z(v) be the second derivative of -v**3/2 - 2*v**2 + 27*v. Determine z(-6).
14
Let b be (70/(-15) + 3)/((-1)/3). Suppose -j - b = -11. Let m(i) = i**2 - 8*i + 7. What is m(j)?
-5
Let w(o) be the third derivative of -o**5/60 - o**4/24 + 3*o**2. Suppose -2*r = 0, -2*r = 2*c - 3*r. Calculate w(c).
0
Suppose 2*p - 9 = -3*o, -2 = 2*o - 3*p - 8. Suppose -9 = -4*m + o. Let s(x) be the second derivative of -x**3/3 - x**2/2 - 5*x + 4. Calculate s(m).
-7
Let o(x) = x + 2. Let j be o(9). Let t(p) = -p + j - 14 + 5. Let u be 3*1/(5/15*-3). Determine t(u).
5
Let m(l) = -2*l**2 - 2*l - 2. Let w(o) = 3*o**2 - 46*o + 13. Let i be w(15). Give m(i).
-6
Let u(v) = 7*v + 23. Let h(r) = -4*r - 12. Let c(i) = 3*i**3 - i**2 + 2*i - 1. Let s be c(1). Let l(y) = s*u(y) + 5*h(y). Calculate l(-4).
5
Let t(a) = a + 4. Let i(g) = -14*g - 6. Let f be i(0). Give t(f).
-2
Suppose 18 = 5*s - 7. Let d(m) = -2*m**2 + 43*m + 22. Let b be d(22). Let a(n) = 3 + 7*n + 0*n**2 - s + b*n - n**2. What is a(6)?
4
Let k(x) = -x**2 + 5*x + 2. Let w = 9 + -6. Suppose 2*f - 36 - 1 = -5*i, -5*f - w*i + 45 = 0. Suppose f*l = 4*l + 8. What is k(l)?
6
Let y(z) = -27*z + 26 + 7*z + 15*z + 7*z. Determine y(-14).
-2
Let r be -1 - -2 - (4/2 - 2). Let h be ((-1)/(-2))/((-3)/(-12)). Let n(w) = h*w + r - w + 0*w + 0*w. Give n(-2).
-1
Let f(s) be the first derivative of s**5/60 - s**4/4 - 3*s**3/2 - 5*s**2 + 28. Let b(r) be the second derivative of f(r). Give b(8).
7
Let w(b) = 3*b**2 + b - 2. Suppose -10*t - 10 = -0. Let p be t/5 - (-18)/(-10). Calculate w(p).
8
Let v(r) = -4*r + r**2 + 2*r - 1 - 3*r + 0 + r. Give v(4).
-1
Let x(z) = -z**2 + z + 9. Let r(h) be the first derivative of -h**3/3 + 5*h**2 + 11*h + 18. Let u be r(11). Give x(u).
9
Let x(u) be the second derivative of u**5/20 + 5*u**4/24 + u**3/3 + 3*u**2/2 + 18*u. Let q(j) be the first derivative of x(j). Determine q(-3).
14
Let o(q) = 6*q. Let m(g) = 4*g**2 - 10*g - 6. Let z be m(5). Suppose z = 8*k - 6*k. Let l = 23 - k. Determine o(l).
6
Let b(f) = 7264*f**2 + f - 5*f - 7270*f**2 - f**3. Determine b(-5).
-5
Let m = 16 + -14. Suppose 2*k + 18 = m*y, 2*k - 5*k - 27 = 2*y. Let z(c) = -c**3 - 10*c**2 - 10*c - 13. Determine z(k).
-4
Let j(h) = 1 - h**3 - 2*h + 6*h**2 + 0*h**3 + 10 - 3. Let s = -14 - -13. Let i be -2 - -4 - s*4. Calculate j(i).
-4
Let m(k) be the second derivative of -k**4/12 - k**3 + k**2/2 - 15*k. Give m(-6).
1
Suppose -3*s - 7 + 4 = 0. Let m be (-20)/(-70) - (15/(-21) + s). Let y(i) = 0*i + 4*i**2 + 2 - 4*i - i**2. Calculate y(m).
6
Let r(p) = p**2 + 8*p - 8. Let z(h) = 2*h**2 + 17*h - 15. Let o(t) = 5*r(t) - 2*z(t). Determine o(-8).
6
Let p(y) = -11*y**2 - 2*y - 1. Let b(w) = -w - 9. Let c be b(6). Let s = -12 - c. Let n be -2 + 2 + -4 + s. Calculate p(n).
-10
Let j be 2/(-4) - 837/18. Let v = j - -28. Let o = v + 13. Let w(q) = q**3 + 7*q**2 + 4*q + 5. Determine w(o).
17
Let p(w) = w**3 + 5*w**2 + w - 5. Let d be p(-2). Let h(o) = 3*o - 6. What is h(d)?
9
Let l(f) = -100*f - 10. Suppose 3*t = 3*q + 27, 0 = 5*q - 2*t + 16 + 20. Let n(c) = 11*c + 1. Let a(m) = q*l(m) - 55*n(m). Determine a(5).
-20
Suppose -6*c + c + 65 = 0. Let u = 15 - c. Let j(w) = w**3 - 2*w**3 - 4*w**2 + 0*w**3 + w + 6*w**u. Calculate j(3).
-6
Let f(s) = -7*s**3 + 7*s + 41. Let z(x) = -4*x**3 - x**2 + 3*x + 23. Let u(j) = 3*f(j) - 5*z(j). Suppose -5*m + 2*m = -18. Determine u(m).
8
Let c(v) = v**3 + 6*v**2 + 4*v. Let q be c(-4). Let w = q - 19. Let i(s) = s - 1. Determine i(w).
-4
Let n(v) = 4*v**3 - 6*v**2 - 12*v - 3*v**3 + 16*v. Let g = -18 + 24. Let c = g - 1. Calculate n(c).
-5
Let h(n) = -10*n. Let d(u) be the first derivative of 3*u - 3 + 3*u - 15*u**2 - 6*u. Let s(a) = 3*d(a) - 8*h(a). Give s(1).
-10
Suppose 5*c = -y - 16, 2*y - 28 = -2*y + 3*c. Suppose -2*p = -5 + 7, 2*r - y*p + 8 = 0. Let a(k) = 0*k + 1 - k**3 + 5*k - 7*k**2 + 2*k**2. Calculate a(r).
7
Let o = 4 - 3. Let s(b) = -o + 2 + 1 - 5*b. Let k = 244 + -242. Give s(k).
-8
Let h(u) be the third derivative of u**5/60 + 7*u**4/24 - 13*u**3/6 + 80*u**2. Determine h(-9).
5
Let z(c) be the second derivative of -1/2*c**2 - 1/3*c**4 + 0 - 13*c + 1/2*c**3 + 1/20*c**5. Determine z(3).
-1
Let n be 60/(-18)*30/(-4). Suppose 25 = 5*q - 3*b, n = 4*q + 2*b + 5. Suppose q*v - v + 4 = 0. Let u(m) = 3*m**3 - 2*m**2 + 1. Give u(v).
-4
Let d(b) = b**2 + b + 1. Let r be d(-2). Suppose 5 = r*z + 23. Let i(t) = 144*t - 436*t + 153*t + 132*t - 7*t**2 - 6 - t**3. Calculate i(z).
0
Let o = 1 - 3. Suppose -3*p - 5*v = -37, -v + 15 = 4*p - 6. Let n(x) = -x + 2 + p*x + 0. Calculate n(o).
-4
Let d(w) = -1048 - w + 1040 - w + 3*w. What is d(-5)?
-13
Let g(q) = q**2 + q. Let a(t) = t - 2. Let b be a(14). Suppose 0 = -3*f + u + b, 3*f = 8*f + 5*u. Give g(f).
12
Let d(p) be the third derivative of -p**5/60 - p**4/12 + 5*p**3/6 + 2*p**2 - 17*p. Let j(q) = q**2 + 7*q + 5. Let f be j(-5). Calculate d(f).
-10
Let q(k) = -5 - 6*k - 28*k + 36*k. Give q(-5).
-15
Let m(a) = a**3 - 6*a**2 - 6*a - 8. Let y be m(7). Let u = 5 + y. Suppose z = -u + 1. Let r(f) = -f**3 - 3*f**2 - 3. Give r(z).
-3
Let w(a) be the third derivative of 0 - a**3 - 1/24*a**4 + 15*a**2 + 0*a. Give w(-6).
0
Let j(t) = t**2 - 11*t + 4. Let i be j(10). Let o(a) = 3*a - 3. Let d(r) = 2*r - 1. Let f(n) = -5*d(n) + 3*o(n). Give f(i).
2
Let t(o) = -4*o. Let u(z) = 3. Let h(c) = -2. Let n(b) = -5*h(b) - 3*u(b). Let v(a) = 5*n(a) + t(a). Calculate v(4).
-11
Let q(x) be the second derivative of -x**4/12 - x**3/3 + 7*x**2/2 - 4*x. Let f(h) = 3*h - 35. Let j be f(10). Calculate q(j).
-8
Let g(a) be the second derivative of -3*a**5/20 + a**4/3 - a**3/6 - a**2 + 3*a. Let q = 605 - 603. Calculate g(q).
-12
Let y = 2 - 0. Let u(o) = 17*o - o**2 - 11*o + 2 + 0*o**y - 12*o. Suppose 0 = 3*l + 2*x + 5 + 3, -3*l + 2*x = 28. What is u(l)?
2
Let m be 2280/390 - (-4)/26. Let o(i) = -3*i + 11. Calculate o(m).
-7
Let h(m) = -m**2 - 4*m. Let u(z) = z**2 - 8*z - 13. Let s be u(9). Let w be h(s). Let l(o) = w*o**2 + 0 + 2*o - o**2 + 1. Give l(3).
-2
Let u(i) be the first derivative of -i**2/2 - i - 109. What is u(11)?
-12
Let b(r) = r**2 - 11*r + 6. Suppose -2*g - 3*n + 25 = 0, -7*n + 8*n - 56 = -5*g. Determine b(g).
6
Let w(c) = c**3 - 18*c**2 + 2*c - 38. Let t be w(18). Let a(n) = -n**3 - n**2 - n - 1. Give a(t).
5
Let h(d) be the first derivative of d**3/3 - d - 367. Let z = 3 + -5. What is h(z)?
3
Let b be (-5)/3*42/(-35). Let i(u) = 1 + 39*u - 2*u**b + 1 - 44*u. Let w be (-3*1)/((-9)/(-12)). What is i(w)?
-10
Let f(p) = -16*p**2 + 4*p - 3. Let o be f(1). Let a(r) = -r - 14. Give a(o).
1
Let y(b) be the third derivative of b**5/60 - b**4/4 - 13*b**3/6 + 383*b**2. Calculate y(6).
-13
Suppose 3*c = 7*c + 12. Let p(a) be the first derivative of a**4/4 + 4*a**3/3 + 2*a**2 + 2*a + 1. Give p(c).
-1
Suppose -3*j = 28*j + 403. Let v(z) = 3*z + 16. What is v(j)?
-23
Let x(f) = 3*f - 12. Let z be x(6). Let b(r) = z*r + 4 + 1 - 6 - 4*r. Calculate b(-1).
-3
Let n(a) = 18 + 1 - a - 15. What is n(6)?
-2
Let k(s) be the second derivative of -s**5/20 - 5*s**4/12 - 3*s**2/2 + 2*s. Let c = -6 - -7. Let a be c/(0 + 4/(-20)). Determine k(a).
-3
Let i(g) = -2*g**2 + 2*g. Let p be (0 - 24/(-6)) + -2. Calculate i(p).
-4
Let g(v) = 3*v - 31. Let r be -3 + 1 + -9 - -20. What is g(r)?
-4
Let i(j) = 26*j - 54. Let d be i(2). Let m(n) = n**2 + 9*n + 18. Calculate m(d).
4
Let v(t) = t**3 - 11